2 - -1) - (-21 + 27)?
-5
(-13 - -5) + (15 - 8)
-1
What is the value of 9 + -14 + (4 - -1) - 8?
-8
What is (1 - 3) + 1 + 2?
1
Calculate -11 - -26 - 6 - 14.
-5
Calculate 3 - 4 - (44 + -35).
-10
Calculate (20 - 21) + 1 + (4 - 1).
3
What is the value of 3 + (-3 - (-2 - -1) - -3)?
4
Calculate -4 + 0 - (-3 - (-7 - -6)).
-2
-3 - -2 - (-10 - -10)
-1
Calculate 39 + -35 - (-1 + 2 + 1).
2
Calculate -7 + (14 - 6) + 6 - 7.
0
Calculate 45 - 57 - (1 - 15).
2
1 - (-16 + 8 + 1)
8
Calculate 13 + -20 + 4 + 0 + -1.
-4
Calculate (7 - 8) + (-4 - (-2 + 3)).
-6
-39 - -46 - (0 - -2)
5
What is (-10 - -2 - -2) + -3 + 5?
-4
Calculate (12 - 5) + 6 + -14.
-1
Calculate (4 - 7 - 3) + -1.
-7
What is 1 + 1 + (1 - 2) + -1?
0
Calculate (4 - (5 + -2)) + (2 - 2).
1
(-4 - -4) + -9 + 1 - -4
-4
Evaluate -9 + (9 - 1) - 1 - -6.
4
(-1 + -2 - 2) + 102 + -99
-2
Calculate (-63 - -62) + (0 - 4).
-5
Calculate 5 + -9 + 3 + 1.
0
Evaluate (3 - -6) + -14 + 4.
-1
What is the value of -2 + (-5 - -2) + -5?
-10
Calculate 3 - -6 - 8 - -5.
6
7 + (-10 - (4 - 6 - -6))
-7
Calculate 0 + -3 + (-6 - -16) + -6.
1
(3 - 3) + 5 + -1
4
Calculate (-6 + 7 + -6 - -1) + -2.
-6
What is -1 + 1 - (7 + -12 - -2)?
3
What is the value of (4 - 6) + 7 + -1?
4
What is the value of -14 - ((-5 - (3 + -9)) + -7)?
-8
Evaluate -3 + (0 - -3) - (-6 - -5).
1
(9 - -2) + -5 + 4
10
What is the value of (3 + 4 - 0) + -4?
3
Evaluate 8 + (11 - 27) + (6 - -2).
0
Evaluate 12 + -21 - (-1 + -5).
-3
What is -3 - -3 - (1 - 3 - -6)?
-4
What is the value of 32 + -30 - (6 - 1)?
-3
-5 + -5 + 5 + -2 + 6
-1
What is 12 + (0 - (19 + 1))?
-8
Calculate 0 - 0 - 1 - (26 - 25).
-2
What is (-5 - (-9 - -2)) + (-2 - 0)?
0
What is -1 + ((9 - 1) + -4 - -6)?
9
Evaluate 1 - (3 + (-2 - 2)).
2
-2 - 2 - (3 + -4 + -3)
0
Evaluate 0 - (3 + (13 - 3)) - -7.
-6
Evaluate 5 - (3 + (3 - -2)) - 3.
-6
What is 4 + -10 + 10 - 0?
4
Evaluate 18 + -7 - (-3 - (-3 + -5)).
6
3 - (9 + -1) - -10
5
-1 + (-4 - -5) + 2
2
What is the value of 1 + (7 - 0) - 8?
0
What is the value of -5 - -7 - 3 - (-2 - -6)?
-5
What is 5 + (1 - 0) - (0 + -1)?
7
Evaluate -3 - -6 - (0 + -1 + 3).
1
-5 - (2 - 7) - -3
3
3 + -8 + 4 - 0
-1
-3 - (1 + 1 + -3 + 3)
-5
Evaluate (1 - (6 + -3 + 0)) + 6.
4
Calculate -5 + 8 + -23 + 12.
-8
(3 + -7 - -2) + 3
1
What is 17 + -9 + -19 + 5?
-6
What is 2 - (-5 + 6 + (1 - 1))?
1
(-6 - (10 - 6)) + (5 - -1)
-4
What is the value of 5 + (-8 - (-9 + 12))?
-6
Calculate 9 - 7 - (-1 - 0).
3
What is 3 - ((-3 + 1 - 0) + 2)?
3
-2 + (4 - (1 - -6))
-5
Evaluate 8 - (-33 + 39 - (6 + -1)).
7
What is (10 + -10 - (-3 + -1)) + -2?
2
Evaluate -12 + 1 - (-141 + 128).
2
Evaluate -5 + (0 - 5 - -7) - -5.
2
Evaluate -22 - (-12 + 5) - -6.
-9
Calculate (4 - (3 - -2)) + 3 - 0.
2
What is (2 - (3 - -1)) + 5?
3
Evaluate -3 + ((1 - 1) + -1 - 1).
-5
What is the value of (-3 - -1) + -1 + 3?
0
Calculate (8 - 4 - -4) + -3 + 0.
5
2 + -24 + 12 + 17
7
What is the value of -1 + 0 - (20 - 25)?
4
What is the value of -1 - -7 - (13 + 2)?
-9
What is (-7 - 0) + (4 - (1 - 0))?
-4
Calculate 3 - (-2 + -4 + 6 + 4).
-1
(-8 - -5) + 0 + 9 + -3
3
Evaluate -1 + (3 + 0 - (0 + 5)).
-3
What is the value of -3 - (3 - ((8 - 2) + 4))?
4
Evaluate (0 - 2) + (6 - 4 - 1).
-1
What is the value of 0 + 3 + -18 - -11?
-4
What is 7 - (-10 + 9 + 6)?
2
What is the value of 3 - ((3 - 2) + 7)?
-5
Evaluate 1 + 2 - (-3 - (-3 - 5)).
-2
Calculate 6 + -3 + (7 - (-7 + 12)).
5
Evaluate 2 + 2 - (10 + -19 + 9).
4
What is the value of 2 + -4 + -1 - -4?
1
What is -1 + -3 + 7 + (-4 - 0)?
-1
Evaluate 3 - 4 - (-3 + 2).
0
What is 3 - (0 + -1 + -2 + 2)?
4
Evaluate 3 + (-1 - -3 - 6).
-1
1 + 1 + 1 + -6
-3
What is -3 + -1 + 4 - (5 + -4)?
-1
Evaluate -9 + 8 - (1 + 5 + -2).
-5
Calculate -8 + 13 + -3 + -8.
-6
What is the value of -5 + 1 + (-6 - -5) + 7?
2
What is 0 - (-2 - (-2 - 1))?
-1
What is the value of -4 - (-4 - (-9 + 5))?
-4
Calculate -5 - (0 + -1 + -1 + -2).
-1
What is the value of 3 - (0 + 1 - -2) - -2?
2
What is -1 - -4 - (12 + -6)?
-3
What is the value of 1 - (0 - (-5 + 0))?
-4
What is the value of (-115 - -120) + 2 + 1 + 1?
9
Calculate (6 - (10 + -3 - -6)) + 0.
-7
Evaluate -19 + 12 - (1 - 4).
-4
Evaluate 4 + (3 + 1 - 4).
4
What is -1 + (21 - 10 - 17)?
-7
Evaluate 2 - 3 - (1 - 2).
0
Evaluate -1 + 4 + 0 - (4 + 2).
-3
Evaluate -9 - (-9 + (14 - 25)).
11
Evaluate 6 - ((-13 - -8) + 7).
4
What is the value of 4 - (-6 + 4 + 7 + -7)?
6
Calculate -84 + 80 + (-2 - -9) + -1.
2
17 + -24 + (-5 - -5)
-7
Calculate 1 + -1 + -2 + 5.
3
Calculate 3 - (-3 + 8 + -7).
5
What is 0 + 13 + -17 + 5?
1
2 - -5 - (-28 - -31)
4
Evaluate 7 + (-4 - -7 - 7).
3
13 - (3 + -13) - 13
10
-13 + 16 - (-3 + -3)
9
What is -2 + (-13 - -15) + 0 + -3?
-3
Calculate -7 + (-1 - (-1 + -2) - 2).
-7
What is 4 - (24 - (-10 - -20))?
-10
What is the value of 5 - (-2 + -2 + 2) - 3?
4
What is (-8 - (-18 + 10)) + 0 + 2?
2
What is (0 - -1) + 17 + -21?
-3
Evaluate 4 + -3 + 6 - 3.
4
Calculate (-7 - -2) + 5 - -6.
6
Evaluate 1 + 5 + -4 - 0.
2
Calculate 5 - (1 + 1 + (0 - 0)).
3
Evaluate (-2 - (-5 + -5 + 4)) + -5.
-1
Calculate -3 + (2 - -4 - 7).
-4
What is 3 - (6 + -6 + 5 + 5)?
-7
What is the value of (-6 - (-6 + 3)) + 5?
2
What is the value of 3 + -12 + (1 - -5)?
-3
What is the value of -15 - -9 - (-8 - -1)?
1
What is the value of -7 - (-3 + -5) - 14 - -9?
-4
-2 - (-4 + 6) - 2
-6
(-4 - (-8 - -1)) + 0 + -4
-1
Calculate -1 + (2 - 2) + 16 + -12.
3
What is -1 + -8 + 11 - (0 + 2)?
0
What is 4 - -2 - ((3 - -4) + -2)?
1
What is -8 + -1 + 9 + 1 + 1?
2
What is -3 + (-6 - -6) + -1 + 5?
1
Calculate -40 - -38 - (-1 + -3).
2
-21 - (-18 + -6 + 12)
-9
What is 22 + -19 + (-4 - 1)?
-2
What is 0 - -1 - (12 + -15 - 1)?
5
What is -1 - (-5 + 4 - 3)?
3
What is 5 - (0 + -3 + 8 - -1)?
-1
Calculate -7 - (9 + -6 - (2 - -3)).
-5
What is 3 - -6 - (1 + 1 + 1)?
6
What is -10 - 0 - (-15 - -7) - -12?
10
What is the value of -2 - (5 - 4) - 1?
-4
Calculate -18 - -7 - (-7 + 3).
-7
Evaluate (9 - 2 - 10) + 5.
2
What is -4 - (-3 + -1 + -3)?
3
Calculate -5 - -1 - (-4 + 5).
-5
Calculate 0 + 4 - (-7 - -18 - 5).
-2
Calculate 5 + 5 + -6 + -4.
0
Evaluate (-3 - (6 - (2 - -2))) + -1.
-6
Evaluate (2 - 2) + (-2 - (-1 - -1)).
-2
What is the value of 1 + -5 - (2 - 1)?
-5
Evaluate -5 - -1 - ((-21 - -7) + 9).
1
What is the value of -2 - -1 - (0 + 5 + -2)?
-4
What is -10 + (1 - 1) + 10?
0
Calculate -1 - -7 - ((-1 - 11) + 14).
4
Calculate -23 + 23 + 2 + -2.
0
1 + 3 - (-5 + -5 + 13)
1
Calculate 30 + -43 - (-1 - 14).
2
What is the value of -14 + (1 - -3) + 5?
-5
-17 - -13 - (-4 + 8)
-8
Calculate (5 - 2) + 8 + 8 + -13.
6
What is 11 - 2 - 2 - (-3 - -6)?
4
11 - (-1 + (0 - -3))
9
What is the value of (6 - (4 - 1)) + 1 + -2?
2
Calculate -2 - (3 + 4) - (-30 - -28).
-7
What is the value of -1 + 6 + -1 - 3?
1
What is 16 - 8 - (0 + 5)?
3
Evaluate 4 + (-12 - 0) - (-2 + -1).
-5
Calculate -5 - (-5 + 4 - 1) - -3.
0
(1 - 0) + 8 + 0 + -4
5
What is the value of -1 - -4 - 3 - -2 - 0?
2
What is 0 + 10 + -11 - 6?
-7
Calculate 0 + (-10 - -7) + -3 + 12.
6
What is 3 + -2 + 20 + -34 - -7?
-6
Evaluate 0 + -5 - (-14 + 13 + -4).
0
What is the value of (2 + 0 - -1) + -3 - 3?
-3
What is the value of (-45 - -37) + 6 + 0 - 1?
-3
What is -5 - (-2 - 0) - -3?
0
Evaluate -12 + (13 - 1) + -4.
-4
Evaluate 0 + -6 + (7 - 4).
-3
What is the value of -79 + 77 - ((2 - 13) + -1)?
10
Evaluate 4 + (4 - (3 + 5)).
0
Calculate 10 + -24 + 3 + 11.
0
Evaluate (-3 + 1 + 5 - -2) + -8.
-3
What is the value of -10 + 9 + -1 + -1?
-3
What is -6 - (2 + (4 - 8))?
-4
Evaluate (3 - 9) + -2 + 3 + 2.
-3
Calculate 7 + (4 - 4 - 4).
3
Evaluate -3 + 3 + 1 + (5 - 7).
-1
Calculate -6 + 26 - 8 - 11.
1
Calculate 5 - (-3 + -1 + 5).
4
Calculate 0 - -2 - (1 + 3 + -3).
1
0 + 5 - (41 + -35)
-1
Calculate (96 - 86) + (0 - 4).
6
What is 2 + (-3 - -1) + (72 - 78)?
-6
What is the value of -10 + (-1 - -8) - 2?
-5
What is (-4 + 2 - (-7 + 0)) + -11?
-6
What is the value of 18 - 18 - (13 - 4)?
-9
What is (0 - -2 - 3) + -1 + 0?
-2
Calculate -13 + -3 + (4 - -6).
-6
What is the value of (4 - -3) + (0 - 4)?
3
What is the value of (-3 + 3 + -1 - 3) + 4?
0
Calculate 8 - (3 + -4 + 7).
2
Evaluate 1 + 1 + -1 - (-8 + 8).
1
What is -13 - (4 + -9) - -4?
-4
Evaluate 3 + -6 - (1 - 11).
7
What is 0 - ((-1 - 8) + 0 + 0)?
9
What is the value of 1 + -1 + 7 + (-6 - -3)?
4
Evaluate -8 + (14 - 5) + 1 + 2.
4
Evaluate -4 - (1 + 0 + -3).
-2
What is 5 - (3 + (0 - -1))?
1
What is -8 + 